. Suppose i*s = -w*s + 2*r + 37, 3*s - r - 38 = 0. List the prime factors of s.
13
Let x(q) = 7*q**2 - q - 2. Suppose -5 = -5*r + 5. Let d be x(r). Suppose d = 5*o - 96. What are the prime factors of o?
2, 3
Suppose -2*u - 6 = 0, 3*u = 5*n - u - 2. Let o(f) = f**2 + 2*f - 12. Let r be o(-5). List the prime factors of r*(3 - (-4)/n).
3
Suppose 4*w + 4*x = 20, 2*w - x = -2*w - 5. Suppose -3*o + 602 - 119 = w. List the prime factors of o.
7, 23
Let a(x) = -4*x - 1. Let l be a(-1). Suppose -3*r + l*g = -36, 4*r + 3*g + 1 = 28. List the prime factors of r.
3
Let c be (-2)/(-1)*(-21)/6. Let v(m) = -m**3 - 6*m**2 + 8*m + 8. Let n be v(c). Let x(g) = 20*g**2 - g. List the prime factors of x(n).
19
Suppose 2*b - 3*m = 20, -b + 2*b + 2*m = 17. Suppose 3*o + 250 = b*o. What are the prime factors of o?
5
Let i(z) = 10*z**2 + 3*z. Suppose -67 = -4*m - 3. Suppose 0 = -3*g + 3*p - m + 1, 5*g + 4 = -2*p. List the prime factors of i(g).
2, 17
What are the prime factors of (3/4)/(300/846800)?
29, 73
Suppose -42939 - 46380 = -57*v. List the prime factors of v.
1567
Let w(v) = -16*v - 47. Let r(i) = -1. Let x(u) = -6*r(u) + w(u). What are the prime factors of x(-15)?
199
Suppose 0*q + 30 = 5*q. Let o be (-50)/8 - q/8. List the prime factors of (-1)/o - 3066/(-147).
3, 7
Let z be (2 + (-80)/7)*7. Let q(n) = -n**2 + 14*n + 12. Let b be q(16). Let v = b - z. List the prime factors of v.
2, 23
Suppose 2*l = 6*l. Suppose -q - q + 8 = l. List the prime factors of q/(-22) - (-321)/11.
29
Let t = 587 - 548. What are the prime factors of t?
3, 13
Suppose 14*b = 16 + 208. List the prime factors of b.
2
Let p(n) = 12*n**3 + n + 1. Let x be p(-1). Let r be 28 - 1/((-2)/(-8)). Let o = r + x. List the prime factors of o.
2, 3
Let y(c) = 6*c**2 + 5*c - 56. Let m(h) = 7*h**2 + 6*h - 56. Let s(p) = -5*m(p) + 6*y(p). List the prime factors of s(13).
113
Let k be ((-28)/10 - -2)/(44/(-110)). Suppose d - k*d = w - 62, -d - 2*w = -58. What are the prime factors of d?
2, 3, 11
Let t = 4605 - 3097. List the prime factors of t.
2, 13, 29
Suppose -7*y - 1047 = 500. Let a = 327 + y. List the prime factors of a.
2, 53
Let g be 50/8 - 2/8. Let r(z) = -z**3 + 5*z**2 + 6*z + 4. Let q be r(g). Suppose -4*u + 66 + 93 = 3*i, -5*u + 198 = q*i. What are the prime factors of u?
2, 3, 7
Suppose 3*y + 8898 = 4*v, -4*v + 2*y = 4*y - 8908. List the prime factors of v.
2, 3, 7, 53
Let h = -9 - -11. Suppose h + 4 = 3*l. List the prime factors of 132/6 - l/(-2).
23
Let l = -93 - -139. Suppose -p = m + 2*m - 29, -l = -2*p - 3*m. Suppose -5*t + p - 7 = 0. What are the prime factors of t?
2
Let s = 6 + -9. Let t be (1 - 21/9)*s. Suppose t + 8 = 3*d. What are the prime factors of d?
2
Suppose -2*p = 11*p - 52. Suppose n = 4*n + p*b - 247, 2*n - 4*b = 198. What are the prime factors of n?
89
Suppose -16*t = -19*t + 12. Suppose 15 = p + t*p. List the prime factors of p.
3
Let z = 163 - 84. Suppose -2*j - j - z = -2*x, 0 = 4*j + 4*x + 72. Let h = j + 44. What are the prime factors of h?
3, 7
Let p = -106 + 102. What are the prime factors of (-646)/(-57)*(-18)/p?
3, 17
Let h(q) = 1135*q**3 + 3*q**2 - 15*q + 13. What are the prime factors of h(1)?
2, 71
Suppose 125 = 5*d - 0*d. Suppose -5*o + d = 0, o + 3*o - 1100 = 5*p. List the prime factors of (1/3)/((-8)/p).
3
Let g be (((-371)/(-4))/(2/(-8)))/(-1). Suppose -g = -4*x + 161. What are the prime factors of x?
7, 19
Suppose -2*j = -5*j + a + 18, -4*j + 29 = -3*a. Suppose -y + j*h = -233 - 26, 3*y - 3*h = 741. What are the prime factors of y?
2, 61
Let u(r) = -6 - 5 + 2*r - 4*r - 6. What are the prime factors of u(-17)?
17
Let k = 343 - -116. List the prime factors of (k/(-18))/(3/(-40)).
2, 5, 17
Let q(j) be the first derivative of -5*j**2 - 4*j - 9. Let a(o) = -o**3 + o**2 - 2. Let p be a(0). List the prime factors of q(p).
2
Let t = 16 + -28. Let u(y) = y**2 + 10*y + 6. What are the prime factors of u(t)?
2, 3, 5
Let n be -1 + -2 + -11 + 9. Let j(w) be the third derivative of -7*w**4/24 - 7*w**3/6 - 5*w**2. What are the prime factors of j(n)?
2, 7
Let k(m) = -m**2 + 1. Let v be k(1). Suppose -5*n - 3*w + 366 = 0, w = 4*n - v*w - 303. What are the prime factors of n?
3, 5
Let h = 7 + -7. Suppose h = -5*r + 8 + 7. Let t = r + 16. List the prime factors of t.
19
Suppose 3*h - 8*h - 4*y = -2147, 2*h + 2*y - 860 = 0. List the prime factors of h.
7, 61
Let m(d) = -d**2 - 12*d + 4. Let s = -3 + -3. List the prime factors of m(s).
2, 5
Suppose q - 3*h = -19 + 49, -q = 3*h - 6. Let c = -16 + q. Suppose d - 18 = -4*b + 3*d, -c*b - 4*d + 14 = 0. What are the prime factors of b?
5
Suppose 58449 = 18*f - 1365. What are the prime factors of f?
3323
Let s(f) be the first derivative of f**4/4 - 3*f**3 + 5*f**2 - 7*f - 2. Let i be s(8). Suppose -i = -o + 17. List the prime factors of o.
2, 13
Suppose -16*y = -11*y + 3*h - 1533, 0 = 4*y - 2*h - 1222. What are the prime factors of y?
2, 3, 17
What are the prime factors of 67/1*19 + (-19 - -17)?
31, 41
Let f(u) = -u**2 + 13*u - 10. Let t be f(12). Let l = -37 - t. Let d = l - -66. List the prime factors of d.
3
Let a(x) = -x + 61. Suppose 0 = -g - 3, -p = -0*p + 4*g + 13. Let y be 0/(-2 + 0/p). List the prime factors of a(y).
61
Suppose -p + 13 = 4*h - 5, -5*p - h + 14 = 0. Suppose -222 = -2*j - 5*k, -80 = 4*j - 4*k - 552. Suppose -p*l = 20 - j. What are the prime factors of l?
2, 3
Let a(o) = -4*o + 8*o**2 - 2 + o**3 - 4 - o. What are the prime factors of a(-4)?
2, 3, 13
Let k(y) = -y**3 - 5*y**2 + 2. Let o be k(-5). Suppose -22 = -0*l - o*l - 5*q, -2 = -q. What are the prime factors of 9/(-3)*-1*l?
2, 3
List the prime factors of 0 - -324 - (35/5 + -2).
11, 29
Suppose 0 = -2*o + 2*f + 1696, -243 = o + f - 1089. What are the prime factors of o?
7, 11
Suppose -5*i - 5*f - 52 = -i, 28 = -3*i - f. What are the prime factors of (-170)/i - (-2)/(-8)?
3, 7
Let r be (-77)/(-21) + 2/(-3). Let i(p) = p**3 + 4*p**2 - 2*p + 3. What are the prime factors of i(r)?
2, 3, 5
Let u = 47 + 146. Suppose -3*t + s = -287, -2*t = 2*s - 3*s - u. What are the prime factors of t?
2, 47
Let s(i) = -61*i - 14. Suppose -j + 34 - 37 = 0. What are the prime factors of s(j)?
13
Let o(x) = 11*x**2 - 18*x - 32. What are the prime factors of o(-6)?
2, 59
List the prime factors of 22757/11 - (-74)/407.
2069
Suppose -33 = -6*w + 3*w. Let u = -7 + w. Suppose 4*x - 96 + 36 = -u*p, -2*p + 12 = -4*x. What are the prime factors of p?
2, 3
Let o = 115 - 66. Let d = o - 4. Suppose 0 = 2*z - d - 21. What are the prime factors of z?
3, 11
Let t(m) be the third derivative of -m**4/4 + m**3 + 5*m**2. Let o be t(-10). Suppose 5*r = 69 + o. List the prime factors of r.
3
Suppose -6*b + b - 85 = 0. Let q = -13 - b. Suppose 0 = -2*s + 3 + 3, 0 = r - q*s - 34. What are the prime factors of r?
2, 23
Let h be (-201)/(-4) + (-14)/56. Suppose 60 = 5*t - h. List the prime factors of t.
2, 11
List the prime factors of (-18)/(-90) + ((-11172)/(-5))/3.
5, 149
Let c(n) = 2*n**3 - 71*n**2 - 9*n - 121. List the prime factors of c(36).
23, 37
Let h be 4/((-20)/5) + 119. Let n = h + 82. List the prime factors of n.
2, 5
Suppose 54*t - 9442 = 15884. List the prime factors of t.
7, 67
Let l(p) = p - 6. Let d be l(4). Let z(r) = -10*r**3 - 3*r**2 - 5*r - 5. What are the prime factors of z(d)?
73
Let f be -2*5/(20/2). List the prime factors of f + 112/4 + 3.
2, 3, 5
Let g be 14 - (-3)/(-1) - 2. Suppose -2*o - g = 33. Let c = o - -47. List the prime factors of c.
2, 13
What are the prime factors of (21604/33)/(2/3)?
2, 491
Let n(j) be the third derivative of -j**6/40 + j**4/6 + j**3/2 - 3*j**2. Suppose 4*h + 5*o + 10 = -13, -3*h = 2*o + 12. What are the prime factors of n(h)?
19
Let q = 18 - 13. Suppose -775 = -q*l - 55. List the prime factors of l.
2, 3
Let r be (2/(-4))/((-9)/(-18)) - -3. Suppose 75 = -r*h + 319. List the prime factors of h.
2, 61
Let x = 4 + -26. Let a = 80 + x. List the prime factors of a.
2, 29
Let p = 1242 - 818. List the prime factors of p.
2, 53
Suppose 0 = -8*u + 524 + 2684. List the prime factors of u.
401
What are the prime factors of (-6)/69 + 48582/69?
2, 11
Suppose 4*c = 170 + 406. Suppose 0 - 12 = 3*i. List the prime factors of i/(-18) - (-3712)/c.
2, 13
Suppose 0 = -3*t + 5*f + 9 + 3, f + 3 = 0. What are the prime factors of 97*(t/1 + 2)?
97
Let h(a) = 2*a**3 + 1